) = 11*j**2 + 486*j + 70. What is t(-44)?
-18
Let y(v) = -13*v**2 - 335*v + 80. Calculate y(-26).
2
Let f(d) = 3608*d + 209256. Give f(-58).
-8
Let k(r) = 218*r + 10248. Calculate k(-47).
2
Let b(j) = -235*j - 1377. Give b(-6).
33
Let z(a) = -a**3 + 11*a**2 - 9*a + 30. Determine z(8).
150
Let z(h) = 36*h + 16. Give z(-4).
-128
Let p(t) = -t**3 - 12*t**2 - 28*t + 34. Determine p(-6).
-14
Let t(s) = -21*s + 248. What is t(7)?
101
Let a(q) = 2*q**3 + 54*q**2 + 61*q + 85. Give a(-26).
-149
Let a(p) = -255*p + 583. Determine a(2).
73
Let w(t) = 31*t + 361. Calculate w(-15).
-104
Let z(k) = -k**2 + 47*k - 403. Give z(34).
39
Let z(s) = -2*s**3 + 10*s**2 - s + 35. Determine z(7).
-168
Let y(p) = 43*p - 1394. Give y(35).
111
Let r(o) = 22*o**2 - 82*o - 236. What is r(-3)?
208
Let f(c) = -c**3 + 10*c**2 - 14*c + 81. Give f(9).
36
Let h(n) = 2*n**2 - 18*n + 3. What is h(2)?
-25
Let t(f) = -2*f**3 + 165*f**2 - 62*f - 1583. Calculate t(82).
57
Let o(g) = 33*g**2 - 29*g - 30. What is o(-1)?
32
Let z(x) = 829*x + 14910. Determine z(-18).
-12
Let l(g) = -225*g + 692. Calculate l(4).
-208
Let p(v) = 7*v + 269. Determine p(-47).
-60
Let g(b) = -b**2 + 56. What is g(-7)?
7
Let a(s) = -38*s - 456. Calculate a(-13).
38
Let x(s) = s**2 + 119*s + 3625. Calculate x(-61).
87
Let f(p) = -67*p - 212. Calculate f(-3).
-11
Let w(k) = -k**2 - 3*k + 95. Calculate w(9).
-13
Let r(g) = -105*g - 397. Determine r(-4).
23
Let u(t) = -46*t + 1606. What is u(36)?
-50
Let i(x) = -x**3 - 20*x**2 + 6*x + 57. What is i(-20)?
-63
Let s(a) = 4*a + 111. Determine s(-20).
31
Let s(z) = 4*z**2 + 209*z - 136. Calculate s(-52).
-188
Let k(z) = -1334*z + 26683. What is k(20)?
3
Let d(h) = h**3 + 59*h**2 - 125*h - 182. What is d(-61)?
1
Let f(o) = 14*o**2 + 631*o + 657. Give f(-44).
-3
Let x(m) = -31*m + 203. Give x(6).
17
Let c(y) = -y**3 + 13*y**2 + 4*y - 2. Give c(12).
190
Let t(h) = -101*h - 178. What is t(-2)?
24
Let s(a) = 5*a + 220. Give s(-43).
5
Let w(k) = 2*k**3 + 20*k**2 + 8*k + 80. What is w(-10)?
0
Let w(r) = 5*r + 108. Determine w(-16).
28
Let k(g) = 34*g - 3372. Calculate k(99).
-6
Let l(x) = -2438*x - 34045. Give l(-14).
87
Let i(y) = -23*y - 258. What is i(-20)?
202
Let m(k) = 3*k**3 - 33*k**2 - k + 19. Determine m(11).
8
Let g(r) = -r**2 + 87*r - 173. What is g(2)?
-3
Let w(y) = y**2 + 258*y + 1981. Determine w(-8).
-19
Let r(u) = 487*u + 29200. What is r(-60)?
-20
Let m(k) = -2*k**3 - 60*k**2 + 197*k - 20. Determine m(-33).
13
Let v(k) = -2*k**3 - 7*k**2 + 2*k + 39. What is v(-4)?
47
Let o(f) = 457*f - 4036. Give o(10).
534
Let p(z) = -z**3 + 2*z**2 + 11*z - 91. Determine p(6).
-169
Let g(s) = 20*s + 1664. Give g(-81).
44
Let c(g) = -56*g + 4805. Give c(86).
-11
Let s(k) = -2*k**3 + 75*k**2 - 159*k - 147. Determine s(3).
-3
Let p(c) = -1246*c + 8639. What is p(7)?
-83
Let i(a) = -1572*a + 1600. What is i(1)?
28
Let g(r) = 7*r + 56. Determine g(-25).
-119
Let y(r) = r**3 + 11*r**2 + 7*r + 2. Give y(0).
2
Let j(b) = -5*b - 165. Give j(-13).
-100
Let j(z) = -2*z**3 + 30*z**2 - 103*z + 1052. Determine j(14).
2
Let w(d) = -d**3 - 78*d**2 + 80*d + 72. Give w(-79).
-7
Let v(q) = -13*q**2 - 123*q - 25. Determine v(-11).
-245
Let r(h) = -11*h + 83. Calculate r(-5).
138
Let q(c) = 26*c + 470. What is q(-11)?
184
Let z(t) = 3*t**3 - 591*t**2 - 4*t + 807. Give z(197).
19
Let d(p) = p**2 - 51*p + 223. Give d(5).
-7
Let h(q) = 200*q - 25392. What is h(127)?
8
Let k(s) = -14*s**2 + 13*s + 27. Give k(-3).
-138
Let m(o) = -2*o**3 + 489*o**2 + 197*o + 11760. Give m(245).
0
Let w(s) = -s**2 - 167*s - 6944. Give w(-86).
22
Let i(n) = -9*n**2 - 463*n + 63. Calculate i(-52).
-197
Let k(n) = n**2 + 1248*n + 23346. Give k(-19).
-5
Let r(x) = 1648*x - 3279. Give r(2).
17
Let i(k) = 45*k - 51. Determine i(4).
129
Let y(u) = 4*u**2 + 356*u + 14. Give y(-89).
14
Let h(t) = -26970*t - 80911. What is h(-3)?
-1
Let z(q) = 4*q**3 - 13*q**2 + 12*q - 15. Determine z(3).
12
Let h(c) = c**3 + 20*c**2 - 54*c + 356. Give h(-23).
11
Let j(u) = -2*u**3 - 61*u**2 + 101*u - 42. What is j(-32)?
-202
Let b(i) = 48*i + 4046. Determine b(-84).
14
Let o(n) = n**3 + 36*n**2 - 575*n + 17. Calculate o(-48).
-31
Let y(k) = -k**3 - 28*k**2 - 119*k - 546. Calculate y(-24).
6
Let n(w) = 3*w**2 + 115*w - 610. Determine n(6).
188
Let p(u) = 2*u**2 - 164*u - 1727. Calculate p(-11).
319
Let d(q) = 3*q**2 - 26*q - 32. Calculate d(5).
-87
Let d(v) = -77*v**2 + 3157*v - 6. Give d(41).
-6
Let f(d) = -248*d + 7685. Give f(31).
-3
Let k(n) = 1233*n - 8619. What is k(7)?
12
Let z(c) = c**3 - 15*c**2 - 2*c - 40. Determine z(13).
-404
Let z(c) = c**3 - 56*c**2 - 358*c + 7082. What is z(60)?
2
Let w(u) = u**3 + 2*u**2 - 3*u - 4. What is w(2)?
6
Let r(i) = -2*i - 30. Calculate r(-12).
-6
Let f(u) = -7*u + 215. Determine f(11).
138
Let v(s) = 4032*s + 16118. Determine v(-4).
-10
Let g(d) = -2*d**2 - 15*d + 570. Give g(16).
-182
Let l(h) = -9*h**2 - 15*h + 9. What is l(-3)?
-27
Let n(z) = 401*z - 2409. What is n(6)?
-3
Let d(n) = -783*n + 48524. What is d(62)?
-22
Let g(h) = 84*h + 750. Calculate g(-7).
162
Let k(h) = h**3 - 36*h**2 + 167*h + 33. What is k(31)?
405
Let d(q) = 8*q**2 + 18*q - 3. Give d(-3).
15
Let u(j) = -3*j - 63. Give u(22).
-129
Let j(r) = -407*r + 54122. What is j(133)?
-9
Let y(v) = -v**2 + 11194*v - 67113. Determine y(6).
15
Let h(t) = -120*t - 5120. What is h(-43)?
40
Let r(s) = 2*s - 184. Calculate r(-20).
-224
Let p(f) = -f**2 + 45*f + 6616. Determine p(107).
-18
Let j(t) = -39*t**2 + 1208*t + 30. Calculate j(31).
-1
Let y(q) = -34*q**2 + 27*q - 112. Calculate y(4).
-548
Let c(d) = 57*d - 47. Give c(0).
-47
Let m(q) = -10*q**3 - 62*q**2 - 176*q + 2. Give m(-3).
242
Let m(s) = s**3 - 48*s**2 + 91*s - 7. Calculate m(46).
-53
Let c(i) = i**3 + 5*i**2 - 102*i - 479. What is c(-5)?
31
Let u(q) = 3*q**3 - 30*q**2 - 127*q - 4. Determine u(-5).
-494
Let b(r) = r**3 + 13*r**2 + 185. What is b(-14)?
-11
Let t(b) = 24*b + 221. Determine t(-8).
29
Let w(d) = 19*d**2 + 691*d + 258. What is w(-36)?
6
Let o(k) = -k**2 - 1625*k - 63394. Give o(-40).
6
Let t(d) = 70*d - 224. Calculate t(5).
126
Let t(x) = 2398*x + 6. Give t(0).
6
Let z(j) = 64*j + 834. Determine z(-13).
2
Let w(p) = p**3 + 20*p**2 + 23*p + 35. What is w(-19)?
-41
Let f(m) = -511*m + 992. Give f(2).
-30
Let o(p) = -437*p - 11369. Calculate o(-26).
-7
Let o(s) = -2*s**3 - 15*s**2 + 86*s + 105. Give o(-11).
6
Let a(p) = -p**3 - 39*p**2 - 5. What is a(-39)?
-5
Let b(h) = h**2 - 8*h - 54. Give b(8).
-54
Let w(p) = -p**3 - 5*p**2 + 5*p. Give w(2).
-18
Let n(z) = 342*z + 18473. Determine n(-54).
5
Let t(g) = 358*g + 2510. Determine t(-7).
4
Let t(i) = -11*i - 69. Give t(-9).
30
Let w(v) = -155*v - 1251. Calculate w(-8).
-11
Let v(p) = 9*p + 231. Give v(0).
231
Let k(v) = -10*v**2 - 119*v - 8. Determine k(-10).
182
Let c(b) = 6*b**3 + 252*b**2 + 2*b + 159. Calculate c(-42).
75
Let w(p) = -132*p + 6006. Determine w(46).
-66
Let k(q) = -11*q**3 + 2*q**2 - 8*q + 4. Calculate k(2).
-92
Let q(c) = c**3 - 6*c**2 + 65*c - 296. Give q(5).
4
Let l(k) = k**3 - 46*k**2 - 90*k - 298. What is l(48)?
-10
Let r(m) = -m**3 - 6*m. Give r(-4).
88
Let b(p) = -3*p**3 + 75*p**2 - 58*p - 309. What is b(24)?
27
Let k(v) = 17*v + 9. What is k(7)?
128
Let q(a) = a**3 - 4*a**2 - 6*a + 52. Determine q(5).
47
Let h(j) = -5*j**3 - 60*j**2 - 47*j - 11. Determine h(-11).
-99
Let f(g) = -5*g**3 - 319*g**2 + 66*g + 126. What is f(-64)?
-2
Let s(a) = -1343*a + 6733. Determine s(5).
18
Let s(j) = j**3 + 60*j**2 - 260*j - 244. What is s(-64)?
12
Let f(n) = 8*n**2 + 6*n - 160. Give f(-5).
10
Let o(c) = 740*c + 59959. Determine o(-81).
19
Let n(u) = u**3 - 9*u**2 - 65*u + 178. Determine n(13).
9
Let x(k) = 3*k**3 + 10*k**2 - 9*k - 44. Give x(-4).
-40
Let z(j) = -j**2 - 7*j + 467. Give z(-26).
-27
Let c(r) = -r**2 + 976*r + 28118. What is c(-28)?
6
Let f(q) = -56*q + 5616. Give f(100).
16
Let r(u) = u**2 + 119*u + 2797. Determine r(-32).
13
Let n(u) = -153*u + 1017. What is n(7)?
-54
Let d(q) = -2*q**2 - 1422*q + 42914. Calculate d(29).
-6
Let i(v) = -8*v**2 - 65*v - 4. Give i(-8).
4
Let u(v) = -v**2 - 2*v + 22. Determine u(9).
-77
Let a(o) = -o**3 + 9*o**2 + 27*o - 56. What is a(11)?
-1
Let h(c) = 8*c**2 + 205*c - 434. Calculate h(2).
8
Let q(d) = -3*d + 339. What is q(15)?
294
Let f(d) = -d**3 - 30*d**2 - 56